) = n**3 + 3*n**2 - 2. Suppose 9*r - 4*r = 20. Let l = r - 7. Calculate o(l).
-2
Let u(z) = 5*z**3 - z**2 + 8*z. Let n(s) = s**3 - s**2 + 1. Let m(r) = 6*n(r) - u(r). Let o be m(6). Let l(v) = -v**3 - 5*v**2 + 9*v + 1. Determine l(o).
-17
Let r(u) be the third derivative of 0*u + u**3 - 1/120*u**6 - 1/4*u**4 + 0 - 3*u**2 + 7/60*u**5. Determine r(6).
6
Let h(n) be the second derivative of 0 + n - 1/3*n**3 - 1/2*n**2. Determine h(4).
-9
Let j(h) be the first derivative of -h**3/3 + 5*h**2/2 + 8*h - 34. What is j(7)?
-6
Let n be 12/10*(-10)/(-3). Let b(d) = d + 4*d**2 - n - 3*d**2 + 0*d - 5*d. Suppose 5*s - 1 = 19. Determine b(s).
-4
Let z = 2/19 + 11/76. Let s(t) be the second derivative of -3*t - t**2 - z*t**4 + 0 - 1/3*t**3. Give s(-2).
-10
Let q(x) = x - 4. Let a be q(0). Let p be ((-1)/((-2)/a))/(-1). Suppose -5 = p*k + 3. Let s(g) = 2*g + 5. Give s(k).
-3
Let h(m) = m + 22. Let s be h(-24). Let n(a) = 2*a + 2. Give n(s).
-2
Let g(r) = -r**3 - r**2 + r - 2. Let n(t) be the first derivative of -t**2 - 8*t + 1. Let a be n(-6). Let m = a - 4. Calculate g(m).
-2
Let j be 3 - -25*(-1)/(-1). Let g = j + -24. Let o(a) be the third derivative of -a**4/24 + a**3 + a**2. Calculate o(g).
2
Let l(f) = f**2 + f - 1. Suppose -21 = 2*w - 5*x, 5*w = w + 3*x - 7. Calculate l(w).
5
Let h(r) = r**2 - 3*r**3 + 2*r**3 + 3*r - 2 - 4*r. Let q(a) = a - 2*a + 36*a**2 - 35*a**2 + 2. Let x be q(1). What is h(x)?
-8
Let t(d) = d**2 - 2*d - 3*d - 12 + 4 + 0*d. Determine t(6).
-2
Suppose q - 6 = 3. Let c(b) = -14*b - b + b**2 + 4 + q*b. Give c(5).
-1
Let v(g) be the first derivative of -g**6/360 + g**5/120 + g**4/8 + g**3/3 - 4. Let k(d) be the third derivative of v(d). Give k(0).
3
Let i(w) be the first derivative of w**2 - 2. Let m = -3 - -2. Let c be i(m). Let k(y) = -y + 2. Determine k(c).
4
Let o(b) be the second derivative of -1/60*b**5 + b - 1/3*b**3 + 0 - 1/2*b**2 - 1/6*b**4. Let m(d) be the first derivative of o(d). Give m(-5).
-7
Suppose -4*k = -5*v + 8, 0 = -4*k + v - 7 - 1. Let b(g) be the third derivative of -g**4/12 - g**3/3 - g**2. Calculate b(k).
2
Let t(j) = 1 - 2*j - 5*j**3 + j**3 + j**3 + j**2. Let v be 116/(-16) - 9/12. Let p = v - -9. Determine t(p).
-3
Let l(q) = q**2 - 4*q + 2. Suppose 29 = 6*p + 5. Calculate l(p).
2
Let d(g) = g - 13. Let q = -18 - -25. What is d(q)?
-6
Let g(j) = j + 2. Let y be g(-5). Let r(i) = i + 1. Calculate r(y).
-2
Let r(j) = -111*j**3 + j**2 - 3*j + j + 110*j**3. Give r(-2).
16
Let t(u) be the third derivative of u**4/24 + 4*u**3/3 - 26*u**2. Calculate t(-6).
2
Let h(b) = 14*b + 2. Suppose -5*a + 30 = 4*q, 4*a + 7 = 5*q - 2*q. Calculate h(a).
30
Let v(j) = 4 + 2*j - j**2 - j - j. Let h = -6 - -3. What is v(h)?
-5
Suppose 8 = s + 5. Let z = 1 - s. Let g(r) = -4*r - 2. Give g(z).
6
Let k(n) = -6*n**2 + 3*n + 4. Let z(c) = c**2 - c. Let q(x) = -k(x) - 5*z(x). Calculate q(-4).
4
Let f(a) = -a**3 - 11. Let d = 1 - 4. Let g = d - -10. Suppose 0 = -g*c + 3*c. Determine f(c).
-11
Let p(z) = -z**3 + 9*z**2 - 9*z + 10. Let v(k) = 2*k + 2. Let i be v(3). Let j be p(i). Let l(s) be the first derivative of -2*s**2 - 2*s - 1. Give l(j).
-10
Let d(h) be the third derivative of -h**2 - 11/24*h**4 + 0*h + 0 - 1/6*h**3. Let t = 0 - 1. Calculate d(t).
10
Let d = 6 + -2. Suppose 2 + 0 = -2*t, -d*m + 13 = -t. Let y(u) = m*u - 3 - 3 - u**2 - 10*u. Determine y(-6).
0
Let t(s) = 4*s**2 - s - 1. Let b be t(-1). Let n = 29 - 16. Let p(v) = v**3 + 0*v**2 - 4*v**2 + n*v - 11*v. Determine p(b).
8
Let u(g) = g**3 - g**2 + g. Let m be u(0). Let n(w) = w**3 - 7. Determine n(m).
-7
Let t(v) = -1 + 4 + 3*v**2 + 2 + 2*v - v**3. Let f(w) = -w**3 - 5*w**2 + 4. Let m be f(-5). Suppose -s - m + 8 = 0. Determine t(s).
-3
Let b(t) be the second derivative of -1/2*t**3 + 0 + 3/2*t**2 - 4*t. What is b(2)?
-3
Let y(h) = 3*h**2 - 15*h - 17. Let q(d) = -d**2 + 5*d + 6. Let w(j) = 11*q(j) + 4*y(j). Give w(7).
12
Let a(s) = -8*s**3 - s**2 + 1. Let d = -11 + 10. Suppose -x + 2*x + 1 = 0. Let y be (0 - x - d)/(-2). Calculate a(y).
8
Let f be (95/35 - -2) + 2/7. Let l(x) = -4*x + 5. Determine l(f).
-15
Let g(s) = -2*s**2 + s. Suppose -3*n = 2*d - 0 - 5, 4*n - 6 = -2*d. Let i be g(d). Let z(o) = -4*o**3 - o**2 - o - 1. What is z(i)?
3
Let a be ((-2)/7)/((-3)/21). Let x(q) = -2*q**2 + 3*q**a - 5*q + 2 - 2 + 2. What is x(5)?
2
Let o(h) = -2*h**2 + h**3 + 2*h**2 - 4*h - 2*h + 3*h**2 - 1. Determine o(-4).
7
Let o(t) be the first derivative of -t**4/4 + 5*t**3/3 + 3*t**2/2 + 2*t - 8. Determine o(6).
-16
Let s(j) = -2*j + 2. Let r = -6 + 12. Let d be (r/10)/((-1)/(-15)). Suppose d = 3*q, -10 = y - 6*q + 2*q. Determine s(y).
-2
Let p(d) = -d + 10. Let g(z) = z**3 + 11*z**2 + 11*z + 10. Let s be g(-10). What is p(s)?
10
Let r(p) = -p**3 + 2*p**2 + 4*p + 2. Suppose -x - 6 = x - 2*d, 0 = 4*d - 4. Calculate r(x).
10
Let w = 49 + -53. Let u(a) = -a**3 - 5*a**2 + a + 4. Calculate u(w).
-16
Let w(d) = -d**2 - 2*d + 4. Let x be (-120)/21 + 4/(-14). Let v be x*(-1)/(-4)*-2. Determine w(v).
-11
Let j(w) = -w**2 - 3*w - 1. Let i(c) = -c + 1. Let p(m) = 6*m - 4. Let d(b) = 5*i(b) + p(b). Let r be d(-4). Calculate j(r).
-1
Let p(i) = 3*i + 5. Let t be (-1 - 1) + -13 + 7. Let q be (4/(-6))/(t/(-60)). Calculate p(q).
-10
Let s(a) = 2*a - 12. Let l be s(9). Let w(i) = 5*i**3 - 2*i**2 + 4*i**3 - l*i**3 - 6*i**3 + 1. Suppose -2*o = -4*o - 2. Determine w(o).
2
Let q(h) = h**2 + 5*h + 1. Let p(l) = -2*l + 13 - 2*l + 3 + 3*l. Let u be p(9). Let d = 3 - u. Give q(d).
-3
Let y(t) = 5*t**2 + 8*t**2 - 5*t**3 - 2 + 12*t - 6*t**2 + 0. Let j(s) = 4*s**3 - 7*s**2 - 11*s + 1. Let g(n) = 6*j(n) + 5*y(n). Calculate g(-6).
-4
Let f(m) = 3*m**2 - 2*m**2 + 1 + 0*m**2. Suppose 0 = q + 4*q + 15. Let i = q + 2. Determine f(i).
2
Let n(v) = -2*v**2 - 1. Suppose 0 = -0*x - 2*x - 2. Calculate n(x).
-3
Let n(f) = 7*f**3 - f**2 + 1. Let t = 2 + 0. Let b be 2*(-2 - (-5)/t). Give n(b).
7
Let u(m) be the second derivative of -m - 1/20*m**5 + 0 - 1/2*m**2 + 0*m**3 - 1/4*m**4. Determine u(-3).
-1
Let x = -1 + 6. Let z(i) = -i**2 + 7*i - 5. What is z(x)?
5
Let k(b) = 5*b**2 + b. Suppose 1 = -2*d - 3*w - 0*w, -d + 13 = -3*w. Suppose 0 = -3*n - 7*j + 2*j + 13, d*n - 2*j = 0. Determine k(n).
6
Let w(q) be the third derivative of q**8/6720 - q**7/504 - q**6/720 + 7*q**5/120 + q**4/12 - 3*q**2. Let d(p) be the second derivative of w(p). What is d(5)?
2
Let v(h) = 14*h + 0*h - 6*h - 5*h. Determine v(2).
6
Let s(r) = r - 3. Let v = -21 + 23. Give s(v).
-1
Let v(b) be the third derivative of -b**5/60 - 5*b**4/12 - 22*b**2. Give v(-10).
0
Let k(f) be the third derivative of -3*f**5/40 - f**3/6 + 2*f**2. Let d(l) be the first derivative of k(l). Let x(c) = -c - 5. Let j be x(-4). Give d(j).
9
Let q(o) be the third derivative of o**6/120 + o**5/60 + o**4/24 - 5*o**3/2 - 13*o**2. Calculate q(0).
-15
Suppose 3*l = -19 - 17. Let n be (-174)/(-36) - 2/l. Let i(o) be the first derivative of -o**3/3 + 7*o**2/2 - 7*o + 2. Determine i(n).
3
Let y(p) = p**2 - 6*p + 1. Suppose u - 6 = -0*u. Let c be y(u). Let q(b) = -b**2. Let a be q(c). Let h(x) = 3*x**2 - 2*x - 1. What is h(a)?
4
Let l(x) = x - 1. Let v be l(-5). Let d(q) = q**2 + 7*q + 1. Give d(v).
-5
Let u(t) be the second derivative of -t**4/6 - t**3/6 + 7*t**2/2 + 7*t. Let a(j) be the first derivative of u(j). Determine a(1).
-5
Let t(f) = -373 + 373 + 6*f. Let v(x) = -2*x. Let i = 6 - 3. Let u(g) = i*t(g) + 10*v(g). Calculate u(2).
-4
Let t = 5 - 5. Let g be -1*(1 + -2 + 1). Let b(o) = 2*o + g*o - 2 + t*o - o. What is b(1)?
-1
Suppose x - 4 = 5*x. Let p(k) = 2*k - 1. Let f(i) = -55*i + 25. Let l(g) = -f(g) - 25*p(g). Calculate l(x).
-5
Let i(j) = 10*j**2 + 6*j - 7. Let h(p) = -9*p**2 - 5*p + 6. Let k(x) = 6*h(x) + 5*i(x). Calculate k(-1).
-3
Let d(t) be the second derivative of -t**3/6 + t**2/2 - t. Suppose -14 = -4*o - 2*q, 4*o + 3*q = 4 + 7. Give d(o).
-4
Let m(k) be the second derivative of k**4/6 + 7*k**3/6 + 2*k**2 - 12*k. What is m(-4)?
8
Let k(c) be the third derivative of c**4/12 - 7*c**3/6 - 18*c**2. Calculate k(5).
3
Let t(d) = -d**2 + 4*d + 6. Let m(z) = 4*z - 1. Let x be m(2). Suppose -l + x = -2*o + 3*o, -12 = -4*o + 4*l. Give t(o).
1
Let j = -2 - 0. Suppose -5*r - 4*o = -17, 0*r + o = r - 7. Let b(f) = 3*f**3 - f**3 + 4*f + 2 + r*f**2 - 2*f**2. Calculate b(j).
-10
Let d =